*2/2 - 2*h - 128. Determine v(k).
10
Let a(r) = -r + 4. Suppose -3*b - 57 = -22*b. Suppose m = -k + 23, -132 = b*k - 7*k + 4*m. Let p = 40 - k. What is a(p)?
-8
Let u(b) = -7*b + 4. Let d(m) = 72*m - 35. Let s(i) = -d(i) - 10*u(i). Calculate s(10).
-25
Let q(s) be the first derivative of -3*s**2 - 40*s - 2612. What is q(-4)?
-16
Let m(j) = j**3 - 5*j**2 + 4*j + 3. Suppose 0 = -3*s - 2*o + 10 + 8, -2 = -2*s + 2*o. Let a be m(s). Let y(r) = -6 - 5 + r + 1 + a. Determine y(-6).
-13
Let i(q) = -q**3 + 6*q**2 + 6. Suppose -3*c + 19 = -l, -3*c + 20 = -0*l - 2*l. Let t be i(c). Let z(s) = 2*s - 9. What is z(t)?
3
Let t(g) = -g**3 + 45*g**2 + 39*g + 328. Let v(m) = 4*m**2 - 111*m - 357. Let d be v(31). Determine t(d).
6
Let f(d) be the third derivative of -d**4/8 - 2*d**3 - 2256*d**2. Calculate f(-17).
39
Let p(z) = -z**3 - z**2 + z - 76. Let y be p(0). Let b = y + 78. Suppose b*q = 6*q + 4. Let f(m) = 8*m. Calculate f(q).
-8
Let o(q) be the third derivative of -q**5/60 - q**4/24 - 309*q**2. Suppose 0 = 9*t - 4*t. Suppose t = -0*i + i. Calculate o(i).
0
Let c(p) be the third derivative of p**5/60 - 7*p**4/24 + 7*p**3/6 - 5438*p**2. Determine c(2).
-3
Let i(u) = 2*u**3 + 13*u**2 - 8*u + 5. Let v be i(-6). Suppose 0 = 6*x + 35 - v. Let b(a) = -a + 17. What is b(x)?
8
Let t(v) = -3*v**2 - 229*v - 303. Let u be t(-75). Let w(f) = f**3 + f**2 - 6*f - 6. Determine w(u).
-6
Let o(a) = a + 45. Suppose 0 = 30*m + 37 - 97. Suppose m*f + 8*f - 2*f = 0. Determine o(f).
45
Let k(b) be the first derivative of b**6/120 - b**5/6 + 5*b**4/24 - b**3/6 + b**2 - 3*b - 95. Let g(w) be the second derivative of k(w). Give g(10).
49
Let m(n) = 5*n**2 + 12*n - 25. Suppose -14*s + 128*s + 938 = -20*s. Calculate m(s).
136
Let m(b) = 4*b + 5. Let j(g) be the second derivative of g**4/6 - 2*g**3 + 3*g**2 + 21*g + 6. Let x be j(5). Calculate m(x).
-11
Let x = 1837 - 1834. Let s(b) = 5*b**2 + 6*b + 2*b**2 - 2 - b**2 - 7*b**2. Give s(x).
7
Let i = 139 + -121. Let n = 15 - i. Let l(f) = 5*f + 1. Determine l(n).
-14
Let i(o) be the third derivative of 7*o**4/8 + 52*o**3/3 + 23*o**2 - 57. Determine i(-4).
20
Let b be -7*225/(-420)*4/3. Suppose 0 = 2*f - 10*m + 5*m, -5*f + 35 = b*m. Let s(i) = i**2 - 2*i - 6. Calculate s(f).
9
Let n(v) = -1834*v**3 + 60*v + 28*v**2 + 3663*v**3 - 1830*v**3. Calculate n(30).
0
Let j(i) = -4*i + 59. Suppose 2*b + 14 = 50. Let c be j(b). Let y(u) = -u - 19. Let x be y(c). Let r(p) = 3*p + 5. Give r(x).
-13
Let o(j) = -j**3 - 18*j**2 - 19*j + 4. Let q be (-28)/(-6)*(-414)/161 + -5. Give o(q).
38
Let t(i) = -5*i**2 - 2*i + 64. Let j(h) = -13*h**2 - 6*h + 168. Let s(v) = -3*j(v) + 8*t(v). Let f be -12*(14/4)/(-7). What is s(f)?
-16
Let x(a) = -18*a - 5. Let t be x(14). Let i = t + 257. Let g(c) = -c**2 + 5. What is g(i)?
5
Let i(o) = 2*o + 1. Let y(q) = q - 9. Let h(p) = -i(p) + y(p). Calculate h(-15).
5
Let w(s) = 2*s - 7. Suppose 4*t = 5*y - 83, 2*y - 11*t = -14*t + 24. Suppose -20 = y*u - 125. Calculate w(u).
7
Suppose -130*m - 37 + 167 = 0. Let n(s) = -22*s**3 - 3*s**2 + 5*s - 3. Give n(m).
-23
Suppose -82*v - 84*v = 63 - 727. Let z(y) = 0*y - 7*y**2 + 9 - 7*y + 8*y**2. Give z(v).
-3
Let a(q) = -21*q - 6. Let y(r) = -4*r. Let d(b) = a(b) - 4*y(b). Let n(m) = -m**3 + 8*m**2 - 9*m + 9. Let s be n(7). Determine d(s).
19
Let l(y) = -y**3 + 6*y**2 - 17*y + 9. Let c(j) = -2*j**3 + 10*j**2 - 33*j + 17. Let f(h) = -6*c(h) + 11*l(h). Calculate f(-5).
-33
Let b(o) = -5*o**3 - o**2 + 10*o - 31. Let i(y) = -8*y**3 - 3*y**2 + 20*y - 52. Let j(p) = -5*b(p) + 3*i(p). Calculate j(3).
20
Let r be -8 + (-3 - -10) - -3. Let a(h) = 6*h - 7 - 2*h**2 + 2*h**r + 5 - 7 + h**2. Suppose -2*p - 24 = p. Give a(p).
7
Let m(y) = 4 + 11 + 20 - 7 - y + 16. Determine m(0).
44
Let w(i) be the first derivative of 3*i**2/2 + 6*i + 1205. Calculate w(-2).
0
Let a(z) = z + 11. Suppose 2*l + 10 = -2*h + 70, -3*h = 4*l - 94. Let k(r) = 2*r - 16. Let y be k(9). Suppose -6*s + y*s - 5*g = h, -20 = 2*s - g. Give a(s).
2
Let r(q) be the first derivative of 2*q**3/3 + 23*q**2/2 + 33*q - 2567. What is r(-10)?
3
Let f(p) = -p**2 + 95*p + 1152. Let n be f(-11). Let d(x) = -x**2 - 12*x + 23. Determine d(n).
-5
Suppose -2*c + 57 = -k + 30, 33 = 2*c - 3*k. Suppose -c*d + 48 = -28*d. Let r(s) = 2*s**2 + 3*s - 4. Give r(d).
5
Let p(g) be the third derivative of -g**7/1260 + g**6/120 + g**5/60 + g**4/8 - 100*g**2. Let x(j) be the third derivative of p(j). Calculate x(3).
-6
Let x(z) = -9*z**3 + 3*z**2 + 3*z + 3. Let o = 30552 - 30553. Give x(o).
12
Let j(d) = -3*d - 6*d + 4*d - 2*d**2 + 2*d + d + 1. Let r(o) = -o**2 - 20*o - 33. Let g be r(-18). Calculate j(g).
-23
Suppose -41*i + 89*i = 192. Let x(q) be the second derivative of -6*q - 1/12*q**i + 0 + q**3 - 1/2*q**2. Calculate x(7).
-8
Let y(r) = -r**2 - 7*r + 59. Let z be y(-11). Let c be (-14)/(-2) - (-8 + z). Let l(w) = -w**3 - w**2 + w - 14. Calculate l(c).
-14
Let l(y) = y**2 + 5*y - 6. Let q = -84 + 107. Suppose 3*c = -4*h + 5 - q, 5*c + 30 = 2*h. Give l(c).
0
Let v(p) = -111*p + 2. Let l(y) = -101*y + 2. Let h(j) = 11*l(j) - 10*v(j). Suppose 0 = -3*n - n + 8. Give h(n).
0
Let s(m) be the second derivative of -176*m + 3*m**3 + 13*m - 2*m**3 + 16*m**2 + 8*m - 15*m. Give s(-6).
-4
Let i be 38/(-2) - (12 - 5 - 15). Let f(u) = -u**2 - 9*u + 29. Calculate f(i).
7
Let v(u) = 7*u + 7. Let z(x) = -2*x - 1. Let o(r) = 2*v(r) + 11*z(r). Suppose -88 = 9*m - 11*m. Let l be ((-3)/2)/((-33)/m). Calculate o(l).
-13
Let w(k) = -2*k**3 + 3*k**2 - 1. Suppose x = -10 + 13. Give w(x).
-28
Let z be 3/2*2 + -9. Let t(d) = 5*d + 946 + 3*d + d**2 - 937. Calculate t(z).
-3
Let i(u) be the first derivative of -u**4/4 + u**3/3 + 3*u**2/2 - 4*u - 2517. Give i(2).
-2
Let y(w) = w**2 + 4*w + 6. Let q be (20/40)/((-2)/(-6))*-2. What is y(q)?
3
Let w(l) = 0 - 2*l**3 + 3*l**3 - 2. Suppose 3*t - 12 = 0, -7*y - 3*t + 16 = -5*y. Suppose -y*n = -3*n - 6*n. Calculate w(n).
-2
Let a(h) be the third derivative of h**5/60 + h**4/6 - h**3/6 - 7*h**2. Let g be -4 + 9 - (9 - 4 - 1). Suppose k = -2*v + 5*k + 4, -k + g = -v. Calculate a(v).
-1
Let f(q) be the second derivative of -q**5/60 - q**4/24 - 5*q**3/2 - 37*q**2 - 2*q + 25. Let a(z) be the first derivative of f(z). Determine a(0).
-15
Suppose -642 = -2*z - 3*d - 102, 4*z - 1078 = -5*d. Let g = 264 - z. Let f(k) = -8*k. Calculate f(g).
24
Let o(y) be the third derivative of -y**4/8 + 20*y**3/3 + 2121*y**2 + 1. What is o(18)?
-14
Let q(l) be the second derivative of -3*l**2 + 16*l + 1/6*l**3 - 2. Give q(3).
-3
Let y(z) = -1157706*z + 5*z**2 - 6*z**2 - 9 + 1157700*z. Give y(-5).
-4
Let l = 2834 - 2834. Let y(h) = h**2 - 2*h + 12. Determine y(l).
12
Let w(l) = l**3 - 5*l**2 + l - 5. Let v = 3782 + -3777. Give w(v).
0
Suppose -64*n + 38*n - 27 = -29*n. Let q(g) = g - 9. Calculate q(n).
0
Suppose -5*t + 5*r + 4 + 11 = 0, 6 = -5*t - 2*r. Suppose -2*m - c + 2*c + 2185 = 0, -m + 1089 = -4*c. Let h(a) = a - m + 1094 - 2*a. Determine h(t).
1
Let s(t) be the second derivative of -t + t**2 + 0 + 1/20*t**5 - 7/12*t**4 - 3/2*t**3. Let l be (710/6035)/(3/204). What is s(l)?
-6
Let i(x) = -x**2 + 4407*x - 2 - x**2 + 4 - 1 - 4405*x. Give i(-2).
-11
Let s(q) = 5*q + 130. Let i = 40 + -65. Let v be s(i). Let m(x) be the first derivative of -x**2/2 + 7*x - 2. Give m(v).
2
Suppose 83*m + 122*m = 163*m + 1218. Let l(n) = -2*n**3 + 59*n**2 - 29*n + 2. What is l(m)?
2
Let z = 376 + -220. Let t(n) = -z*n - 3*n**2 - 155*n + 9 + 304*n + 4*n**2. Let x(c) = c**3 - 7*c**2 + 8*c - 5. Let o be x(6). Calculate t(o).
9
Let r(m) = 4*m + 54. Let q = -22502 - -22486. Calculate r(q).
-10
Let u(m) = -m**2 - 10*m - 10. Suppose 4*i + 39 = 47. Suppose 0 = -4*b + i*o - 34, 43*b + 38 = 38*b + o. Calculate u(b).
11
Suppose s = 277 - 264. Let r be (130/s)/(-2) - (-17 + 1). Let q(a) = a**2 - 10*a - 13. What is q(r)?
-2
Let k = -6 - -10. Let m(q) be the third derivative of q**6/360 - q**5/20 + q**4/6 - 97*q**3/2 + 404*q**2. Let t(v) be the first derivative of m(v). Give t(k).
-4
Let t(n) be the first derivative of n**2/2 + 41*n + 273. Determine t(-17).
24
Let v be 4/(-7) + 1056/84. Let p(x) = -15 + 29*x - v*x - 7*x - 12*x. Calculate p(-10).
5
Suppose 5*b - 5*d = -15, -13 = 2*b - b - 3*d. Let c be (b - (-16)/(-6))*(-6)/4. Let x(l) be the third derivative of -l**4/12 + l**3/6 + 17*l**2.